greatest common factor of c and h?
1
Let u(g) = -8*g - 174. Let r be u(-24). What is the highest common divisor of 234 and r?
18
Suppose 5*p - 988 = -4*m, 231*p - 788 = 227*p - 2*m. Calculate the greatest common factor of p and 490.
98
Let s(h) = 2*h + 45. Let n = -7 - -14. Let x = n + -7. Let l be s(x). Calculate the highest common factor of 18 and l.
9
Suppose -245*g + 728 = -238*g. What is the highest common factor of 182 and g?
26
Let n = 15 - 3. Let o(c) = 2*c - 16. Let g be o(n). Suppose -2*l = -2*k + 32, -4*k + 5 + 27 = 4*l. Calculate the highest common factor of k and g.
4
Let f(p) = p**3 + 21*p**2 - 13*p - 144. Let j be f(-20). What is the greatest common factor of 48 and j?
12
Suppose 2*d + 3*d + 2*s = -1, 5*s = -2*d - 13. Let n be ((-8)/20)/(d*(-1)/50). What is the highest common divisor of n and 5?
5
Let r be 5*(-2)/(-60) + (-655)/(-30). What is the highest common factor of r and 18?
2
Suppose -29*q + 31*q = -2*d + 380, -4*q = -2*d + 374. What is the highest common divisor of d and 630?
63
Suppose -2*w = -q - q + 4, -3*w + 2*q = 2. Suppose -w*k + 73 = 33. Calculate the highest common divisor of k and 10.
10
Let h(n) = 15*n**2 - n - 29. Let c be h(-5). Calculate the greatest common factor of c and 13.
13
Let g = -2022 - -2147. Calculate the highest common factor of g and 55.
5
Let g(p) = 2*p - 6. Suppose -14 = 3*z - i, 2*i = 6*i + 4. Let o be (-48)/(-60)*z/(-1). Let w be g(o). What is the highest common divisor of w and 3?
1
Let w = -123 - -179. Suppose -22 = -4*s - 3*q, 2*s = 10*q - 15*q + 4. Calculate the highest common factor of s and w.
7
Suppose -4*z + 0*z = 16. Let k be (-1)/z + (-33)/(-12). Suppose -4*i = -k*i - 9. What is the highest common divisor of 63 and i?
9
Suppose -4*r = 4*q + 24, -2*q - 7 = 4*r + 13. Let b be -2*(q + (-18)/4). Calculate the highest common factor of b and 52.
13
Let h(r) = 19*r + 24. Let v be h(9). Let t = -132 + v. Suppose 5*a + 18 = t. What is the greatest common divisor of a and 27?
9
Let x be (-76)/(-3) + (-18)/(-27). Let a = x + 51. What is the greatest common divisor of a and 11?
11
Let b = 50 - 38. Let x = -4 + 9. Suppose -5*h - 4*v = 5, -x = -3*v + 4*v. What is the greatest common factor of h and b?
3
Let f(k) = 6*k + 4. Let q be f(9). What is the highest common factor of 261 and q?
29
Let w(q) = -4*q + 10. Let y(r) = -r. Let v(t) = -3*w(t) - 12*y(t). Let f be v(10). Calculate the greatest common factor of 42 and f.
42
Let g = 5 - 0. Suppose -2*z - 7 = g. Let k(d) = d**2 + 5*d + 6. Let s be k(z). What is the highest common factor of s and 36?
12
Suppose -30*d + 42 = -35*d - 4*w, -d = -2*w. Let j be ((-15)/d)/(3/48). Let a(g) = -g + 2. Let p be a(-6). Calculate the greatest common divisor of p and j.
8
Let f be 5 + -1*(0 - 0). Suppose 0 = w - 4*z - 33, 0 = -2*z + 8 - 12. What is the greatest common factor of w and f?
5
Let o = 317 - -199. Let p = -306 + o. Suppose 6*k - p = 4*k. What is the greatest common divisor of k and 42?
21
Let x be (-6)/45*6*-25. Let s be (4 - 1) + x + 7. Let b(u) = u**3 + 4*u**2 + 2*u + 2. Let j be b(-2). Calculate the highest common divisor of j and s.
6
Let n be 2/(-4)*180/(-6). Suppose 4*y - 3*y = 5*u - 13, n = -5*y. Let v be 834/15 + u/5. What is the highest common divisor of 7 and v?
7
Let l(b) be the third derivative of b**6/120 + b**5/60 - b**4/6 + b**3/3 - 26*b**2. Let s be l(0). What is the highest common factor of 5 and s?
1
Let u be (-10)/2 + (32 + -2)*31. Calculate the greatest common factor of u and 5.
5
Suppose 0 = c - h - 31, 3*h - 42 = -3*c + c. Suppose c*y - 32*y = -70. Calculate the greatest common divisor of y and 14.
14
Let p = 9 + -6. Suppose 2*h + 5*b - 50 = -p*h, -6 = -h + b. Let k be (4 + (-45)/12)*4. What is the greatest common factor of h and k?
1
Suppose 4*o - 3*o - 2 = 0. Suppose 12 + 130 = -o*k. Let n = k + 121. What is the greatest common divisor of n and 75?
25
Let r = -10 + 14. Suppose -5*x + r*t = 6*t - 128, 0 = 5*t - 20. What is the highest common divisor of x and 6?
6
Let o(d) = 2*d**2 - 6*d. Let i be o(-10). What is the greatest common divisor of i and 156?
52
Suppose -3*r - 2*d + 35 = 0, -5*r = -d - 28 - 52. Let w = 10 + 5. Calculate the greatest common divisor of w and r.
15
Suppose 2*w + 0*s = 5*s + 48, 2*w - 24 = -s. Let y be (0 - 2/4)*-10. Let h = y + w. What is the highest common factor of 171 and h?
19
Suppose 36*r = 669 + 267. Calculate the highest common factor of r and 247.
13
Suppose -4*x - 32 = v - 454, -3*v = x - 111. Let r(p) = 7*p - 7. Let c be r(6). What is the greatest common divisor of x and c?
35
Suppose -m = 4, -70 = -2*o - 0*m + 2*m. What is the highest common factor of o and 217?
31
Let g be 5 - 6 - -1 - -3. Let l(d) = d**3 - d**2 - 3*d + 7. Let j be l(g). What is the highest common divisor of 24 and j?
8
Let x = -7 + 2. Let k(t) = -t**3 - 2*t**2 + 8*t + 4. Let h be k(x). Suppose 7*b = 4*b + h. What is the greatest common divisor of 13 and b?
13
Suppose -5*d + 22 = -43. Let v(c) = -c**3 + 14*c**2 - 13*c - 1. Let z be v(d). Let m be z*(-3 - (0 + -2)). Calculate the highest common divisor of m and 5.
1
Let k = -57 + 84. Let f be (25 + -26)/((0 + -1)/5). Suppose -f*c = -10*c + 45. Calculate the highest common divisor of c and k.
9
Suppose -3*l - 4*g = -174, 17*l + 258 = 21*l + g. Let k be -1 + 0 - 46/(-2). What is the greatest common factor of l and k?
22
Let x = 106 - 103. Let a(b) = b**3 - 2*b**2 + 3*b + 2. Let u be a(x). Calculate the highest common factor of u and 70.
10
Let j(r) = -5*r - 6. Let n be j(-4). Let p = -13 + n. Suppose 7*a + 4 = 2*a + 3*d, 3*d = -2*a + 11. What is the greatest common divisor of p and a?
1
Let z be ((-6)/(-4))/((-6)/(-8)). Let j(h) = 3 - 3*h - 3*h + h + 7*h. Let x be j(-1). What is the highest common divisor of z and x?
1
Let v be 1/(-3) - 93/(-9). Suppose -130 = -v*x + 5*x. Suppose 4*s = 14 + x. What is the greatest common divisor of s and 20?
10
Let s be (-9)/(-4)*(-16)/(-12). Suppose 18 - s = 3*f. What is the highest common factor of 20 and f?
5
Let q(y) = y + 4. Let i be q(-2). Let a = 2 + i. Suppose 23 - 3 = g + a*h, -h = 1. What is the highest common divisor of g and 3?
3
Let p be -4 + -2 + 235 + 5. Calculate the highest common divisor of 208 and p.
26
Suppose -u - 7*n + 33 = -2*n, -3*u + 44 = 4*n. Suppose 0 = 2*j - 6 + 2. Suppose u = -j*o + 48. What is the highest common divisor of o and 20?
20
Let g(r) be the third derivative of r**5/60 - r**4/24 + r**3/6 - 5*r**2. Let l be g(-4). What is the highest common divisor of 105 and l?
21
Let y(l) = -l**2 - 18*l + 24. Let i(h) = -h**3 + 9*h**2 - 9*h - 10. Let n be i(8). Let d be y(n). What is the greatest common factor of d and 192?
24
Suppose 3*j = -y - y + 10, 0 = y + 2*j - 5. Suppose -154 = -o + 2*i, -604 = -y*o - 2*i + 154. Calculate the highest common factor of 8 and o.
8
Suppose 3*k - 50 = -2*q - k, 0 = -2*k + 10. Let b(l) = l**3 + 23*l**2 - 26*l - 43. Let i be b(-24). What is the highest common divisor of i and q?
5
Let m be (31 + -20)*(1 + 24). What is the highest common divisor of m and 44?
11
Let u(m) = 5*m**2 + 4*m + 4. Let n be u(-3). Suppose -5*h = 3*b - 922, -9*b - 189 = -h - 5*b. Calculate the highest common factor of n and h.
37
Let m(s) = s**2 + 7*s + 16. Let z be m(-4). Suppose -k + 66 + z = 0. Let t = 23 + -13. Calculate the highest common divisor of t and k.
10
Let l(w) = -13*w - 71. Let g be l(-13). Calculate the highest common factor of g and 28.
14
Let j(r) = -2*r**3 - 11*r**2 - 6*r - 7. Let f be j(-7). Suppose -18*v = -23*v + 130. Calculate the highest common factor of f and v.
26
Suppose -17*c - 75 = 61. Let n be c*(-12)/(-32)*-14. Calculate the highest common factor of n and 12.
6
Let k(c) = c + 4. Let y be k(-1). Suppose -2*a - 3*i = -22, -a + 14 = -5*i + y. What is the greatest common factor of 77 and a?
11
Let n(r) be the first derivative of 2*r**3/3 - 5*r**2/2 + 2*r - 3. Let f be n(-5). Let a = -111 - -118. Calculate the highest common divisor of a and f.
7
Suppose g - 3780 = -17*g. Calculate the highest common divisor of g and 35.
35
Suppose -3*q = 2*o - 58, -5*q + 104 - 16 = -o. Suppose 0 = -4*g + w - 5, w + 20 = -g + 5*w. Let v = g + 9. Calculate the highest common factor of q and v.
9
Let v(h) = -30*h - 258. Let o be v(-9). What is the greatest common divisor of o and 42?
6
Let y be ((-4)/6)/(2